f (-6)/(-9)*k/(-2)?
4
What is the tens digit of -6*(-6)/12 + 24/1?
2
Suppose 0 = 4*y + 3*a - 53, 0 = -3*y + y + 5*a + 7. Suppose 0 = n - y - 7. What is the tens digit of n?
1
Let q(x) = 2*x**2 - 3 + 13 - x**2 + 19. What is the units digit of q(0)?
9
Let f = -3 + 7. Suppose f*o + 1 = 77. What is the tens digit of o?
1
Suppose -f = -3*f. Suppose f*g = -5*g + 90. What is the units digit of g?
8
Let a(h) = -h**2 + 6*h - 3. Let k(z) = z**3 - 6*z**2 - z + 1. Let x be k(6). Let s = x - -7. What is the units digit of a(s)?
5
Let l be (3 - (2 + -8))*1. Let j(w) = w**3 - 10*w**2 + 14*w - 10. What is the units digit of j(l)?
5
Let i = -12 + 81. What is the tens digit of i?
6
Let a(h) = -h - 3. Let u be a(11). Let q = 3 - u. What is the units digit of q?
7
Suppose 6 = w + 2*w. What is the units digit of w?
2
Let k(n) be the second derivative of -n**4/12 + n**3/2 + 3*n**2 - n. Let l be k(6). Let s = l - -21. What is the units digit of s?
9
Let z(y) = -y**3 - 4*y**2 - 3*y + 4. Let a be z(-3). Suppose w - 7 = -x, a*w = -14 - 2. What is the units digit of x?
1
Let r(j) be the first derivative of j**3/3 - 3*j**2/2 - j - 3. Let i be r(4). What is the units digit of ((-28)/(-6))/(1/i)?
4
Let t(p) = p. Suppose 4*f = 5 - 1. Let z be t(f). Let l = z - 0. What is the units digit of l?
1
Let w be ((-68)/5)/((-6)/15). Suppose o + w = 2*o - 4*m, 3*m - 27 = -3*o. What is the tens digit of (o - (0 - 1)) + -2?
1
Let s = 1 - -3. Suppose s*k - k = 9. Suppose 3*n + 2*n = 4*x - 9, -k*x = -3*n - 6. What is the units digit of x?
1
Let h be 1*(50 + 1)/3. Suppose -i + 1 + h = 0. What is the units digit of i/4*(-12)/(-9)?
6
Suppose 0 = 2*i + 1 - 5. Let z be i/6*3*2. Suppose 5 = -z*g + 13. What is the units digit of g?
4
Suppose 560 + 30 = 5*y. What is the hundreds digit of y?
1
Let o = -10 - -14. Suppose 2*w - o*x - 26 = 0, -w + x = -3*x - 11. What is the tens digit of w?
1
Let j = -28 + 50. Let y = j - 12. What is the units digit of y?
0
Let j = 10 - 7. Suppose 0 = 5*q - j*w - 2*w, 3*q + 3 = 4*w. Suppose f - 4*f + 6 = 3*p, 4*f = q*p - 27. What is the units digit of p?
5
Suppose 3*v + 597 + 391 = 5*n, 0 = n + 2*v - 208. What is the hundreds digit of n?
2
Let r be -11 + 11 + 4*1. Suppose -4 = -2*h - 12, -2*d + 32 = -r*h. What is the units digit of d?
8
Let r(u) = -2*u - 10. Let d be r(-5). Suppose 92 = 2*v - d*v. What is the tens digit of v?
4
Let f(g) = -g**3 + 10*g**2 + 13*g + 14. What is the tens digit of f(11)?
3
Let a(m) be the second derivative of m**4/2 + m**3/3 - m. Let r be a(2). What is the units digit of (-9)/(-7) - 8/r?
1
Let x be 6/(-9) - (-176)/12. What is the units digit of (-5)/(-10)*2*x?
4
Let o(h) be the third derivative of h**4/24 - 7*h**3/6 + 4*h**2. Let t be o(3). Let g(w) = -w**2 - 5*w + 2. What is the units digit of g(t)?
6
Suppose -l + 10 = l - 5*z, 5*l = z + 25. Let a = 15 + l. What is the tens digit of a?
2
Suppose 3*s = 34 + 26. Suppose -5*r + s = -3*r. What is the tens digit of r?
1
What is the units digit of ((2 - 1) + (-2 - 0))*-315?
5
Let r = 14 - -25. What is the units digit of r?
9
Let u(f) = -10*f**2 + f. Let i be u(2). Let x be i/(-10) + (-1)/(-5). Suppose -x*y + 78 = 26. What is the units digit of y?
3
What is the tens digit of 6/16*2 + 445/4?
1
Let m = -119 - -188. What is the tens digit of m?
6
Let z = -8 + 12. What is the units digit of 3*z - (6 - 5)?
1
Let h be 2*(-1)/(-6)*3. Suppose 13 + h = j. What is the units digit of j?
4
Suppose -d - 1 - 3 = 0. Let m(k) be the first derivative of -k**3/3 - 2*k**2 + k + 2. What is the units digit of m(d)?
1
Suppose 0 = 3*c - 4*i + 12, 5*c = -i - 2*i + 9. Suppose c = b + 4*b - 70. What is the tens digit of b?
1
Suppose -5*k = 4*h - 709, -5*h = -3*k - 73 + 528. What is the units digit of k?
5
Let d(g) = -g**3 + 7*g**2 + 1. Suppose p - 11 = -4. Let a be d(p). Suppose 0 = l - a - 1. What is the units digit of l?
2
Suppose -55 + 290 = 5*o. What is the units digit of o?
7
Suppose 5*a - 2*a = -5*c + 16, -3*c = -3*a. What is the units digit of 57/c + 5/(-10)?
8
Let g(n) = -n**3 - 3*n**2 - 6*n - 6. What is the tens digit of g(-4)?
3
Let l be ((-2)/(-3))/(2/15). Let j(q) = q**3 + 10*q**2 + 11*q + 21. Let r be j(-9). Suppose -r*t = -2*t - l. What is the units digit of t?
5
Suppose -2*o = 2*o - 32. Let g = o + 6. Let a = -7 + g. What is the units digit of a?
7
Suppose 0 = j - 6*j - 4*k + 40, -4*j + 1 = -3*k. Let l = 0 + j. Suppose l*s - 33 + 13 = 0. What is the units digit of s?
5
Let b = -59 + 134. What is the tens digit of b?
7
Let a = 19 - 7. Let o(l) = -l**2 + 14*l - 18. What is the units digit of o(a)?
6
Suppose -3*a = -a - 5*p - 28, 0 = 3*a + 2*p - 4. Suppose 4*h - 5*o = 112, 3*h - 111 = -a*o - 27. Suppose 4*i - h = 12. What is the tens digit of i?
1
Let y = 193 - 47. What is the units digit of y?
6
Suppose 0 = -z + 2. What is the units digit of z?
2
Let t be ((-67)/(-1 - -2))/(-1). Suppose -m + 3*z + 47 = 0, -3*m = z + t - 178. What is the tens digit of m?
3
Suppose -o = -y - 363, -7*y + 4 = -9*y. What is the units digit of o?
1
Let m(p) = 2*p + 7. Let y be m(-5). Let o(f) = -2*f**3 - 5*f**2 - 4*f. What is the units digit of o(y)?
1
Let v be 3/2*(-528)/(-8). Suppose 3*b + 4*l = -2*b + 85, -4*b + 3*l = -v. What is the units digit of b?
1
Let q be 2/6 - (-2)/(-6). Suppose q = -3*t + 2*t + 2. Suppose -5*j - 19 = -t*y, 2*y = 3*j + 11 + 2. What is the units digit of y?
2
Suppose 0 = -0*f - 3*f + 96. What is the units digit of f?
2
Let q be (7 - 15)/((-4)/(-10)). Let h = 38 + q. What is the tens digit of h?
1
Let b(p) = 0 + 33*p + 8 - 32*p. Let j = -1 + 1. What is the units digit of b(j)?
8
Let n(i) = 2*i - 10. Let q be n(7). Suppose 5*u = -w - 1 - 3, 2*w - q*u = 48. Let a = 22 - w. What is the units digit of a?
6
Suppose 3*c + 1 - 7 = 0. Let a(h) = 3*h. What is the units digit of a(c)?
6
Suppose -3*k - 32 = -k. Let j be ((-9)/(-12))/((-1)/k). Suppose 0 = -4*y + j. What is the units digit of y?
3
Let v be (-2 + 3)/(-1)*-6. Suppose 3*p - v = -3. What is the units digit of (0/(-2) - p) + 2?
1
Let c = 190 + -85. What is the tens digit of c?
0
Suppose -1 = -v - 2*k + 2, 4*v = 2*k - 8. Let m(x) = -35*x + 1. What is the tens digit of m(v)?
3
Suppose 6*t - 8 = 2*t. Suppose 0 = -2*x - 2*j - 2, 11 = -0*x + x - t*j. What is the units digit of x?
3
Suppose -4*u - 35 = -3*v, -3*v = -u - 54 + 7. What is the tens digit of v?
1
Suppose 2*q = -y - 4, 0 = 5*y - 5*q - 18 - 7. Let i(j) = -3*j**2 + 0*j**2 - j**y + j + 4 + 5*j**2. What is the units digit of i(0)?
4
Suppose -2*o - 14 - 96 = 0. What is the tens digit of (-1495)/o + (-2)/11?
2
Suppose -k + 3*f + 5 = 2*f, 2*f = 5*k - 16. Let g = 8 - k. What is the units digit of g?
6
Let o be 3*((-420)/(-9))/5. Suppose -q = q - o. What is the units digit of q?
4
Let i(c) = 2*c + 4. Let g = 6 - -3. What is the tens digit of i(g)?
2
Let a(w) = 6*w**2 + 1. Let v be a(3). Let t = v + -36. What is the units digit of t?
9
Suppose -85 - 127 = -3*u - m, -u + 3*m + 74 = 0. What is the tens digit of u?
7
Let s = -3 + 6. Suppose 0 = s*d + 2 - 68. What is the tens digit of d?
2
Suppose -5*u + 129 = 2*t + 2*t, 29 = u + 4*t. Let g = 61 - u. What is the tens digit of g?
3
Suppose 6 = -2*z + 4*p, 2*p = -p + 12. Suppose z*m - 92 = -3*x, 2*m + 0 = 2. Let j = 43 - x. What is the tens digit of j?
1
Let i(u) = -u**2 - 27. Let x be i(0). Let f = x - -19. What is the units digit of (-1 + 3/6)*f?
4
Suppose 3*s - 411 - 255 = 0. What is the tens digit of s?
2
Let l(z) = 8*z + 4. What is the units digit of l(11)?
2
Let h be 52/(-16) + (-2)/(-8). Let i(t) = 9*t - 2. Let r(x) = x - 1. Let n(j) = -i(j) + 5*r(j). What is the units digit of n(h)?
9
Suppose 35 = 5*t - 30. Suppose 147 = 4*j - t. Suppose d - j = -4*d. What is the units digit of d?
8
Let b(p) = -p + 3*p + 3 - 5*p - p**2. What is the units digit of b(-3)?
3
Suppose 0 = -4*s + 14 - 6. Suppose -s*g = 3*g - 20. What is the units digit of g?
4
Suppose 5*o - g = 4*g + 5, -5 = -2*o - g. Suppose q = 7 - o. What is the units digit of q?
5
Let s(d) = d**3 + 7*d**2 + 2*d + 2. What is the tens digit of s(-5)?
4
What is the units digit of (-17 + 22)*(0 + 228/10)?
4
Suppose -5*h - 65 = 4*r + r, r - 11 = 2*h. What is the units digit of 20/h*(-4 + 2)?
5
Suppose -5*b = -4*i + 53, 0 = -b + 6*b + 25. What is the units digit of i?
7
What is the hundreds digit of ((-66)/7)/